Last updated on 2024-12-19 23:50:35 CET.
Flavor | Version | Tinstall | Tcheck | Ttotal | Status | Flags |
---|---|---|---|---|---|---|
r-devel-linux-x86_64-debian-clang | 1.0.0 | 16.62 | 148.14 | 164.76 | NOTE | |
r-devel-linux-x86_64-debian-gcc | 1.0.0 | 12.09 | 105.32 | 117.41 | NOTE | |
r-devel-linux-x86_64-fedora-clang | 1.0.0 | 279.73 | NOTE | |||
r-devel-linux-x86_64-fedora-gcc | 1.0.0 | 276.12 | NOTE | |||
r-devel-windows-x86_64 | 1.0.0 | 18.00 | 145.00 | 163.00 | NOTE | |
r-patched-linux-x86_64 | 1.0.0 | 22.84 | 141.93 | 164.77 | NOTE | |
r-release-linux-x86_64 | 1.0.0 | 16.44 | 140.44 | 156.88 | NOTE | |
r-release-macos-arm64 | 1.0.0 | 75.00 | NOTE | |||
r-release-macos-x86_64 | 1.0.0 | 142.00 | NOTE | |||
r-release-windows-x86_64 | 1.0.0 | 17.00 | 144.00 | 161.00 | NOTE | |
r-oldrel-macos-arm64 | 1.0.0 | 76.00 | OK | |||
r-oldrel-macos-x86_64 | 1.0.0 | 153.00 | OK | |||
r-oldrel-windows-x86_64 | 1.0.0 | 24.00 | 187.00 | 211.00 | OK |
Version: 1.0.0
Check: Rd files
Result: NOTE
checkRd: (-1) runGRM.Rd:24: Lost braces
24 | from \code{\link{mirt}} or code{\linkS4class{lavaan}} from from
| ^
Flavors: r-devel-linux-x86_64-debian-clang, r-devel-linux-x86_64-debian-gcc, r-devel-linux-x86_64-fedora-clang, r-devel-linux-x86_64-fedora-gcc, r-devel-windows-x86_64, r-patched-linux-x86_64, r-release-linux-x86_64, r-release-macos-arm64, r-release-macos-x86_64, r-release-windows-x86_64
Version: 1.0.0
Check: Rd cross-references
Result: NOTE
Found the following Rd file(s) with Rd \link{} targets missing package
anchors:
ESplot.Rd: scale_color_viridis_d, ggplot
FSplot.Rd: ggplot
ICCplot.Rd: scale_color_viridis_d, ggplot
genLavSyn.Rd: lavaan
infoPlot.Rd: scale_color_viridis_d, ggplot
runGRM.Rd: lavaan, SingleGroupClass-class, mirt, lavaan-class
Please provide package anchors for all Rd \link{} targets not in the
package itself and the base packages.
Flavors: r-devel-linux-x86_64-debian-clang, r-devel-linux-x86_64-debian-gcc, r-devel-windows-x86_64