Last updated on 2024-12-19 23:50:35 CET.
Flavor | Version | Tinstall | Tcheck | Ttotal | Status | Flags |
---|---|---|---|---|---|---|
r-devel-linux-x86_64-debian-clang | 4.2-1 | 62.63 | 66.09 | 128.72 | OK | |
r-devel-linux-x86_64-debian-gcc | 4.2-1 | 47.83 | 47.46 | 95.29 | OK | |
r-devel-linux-x86_64-fedora-clang | 4.2-1 | 232.15 | OK | |||
r-devel-linux-x86_64-fedora-gcc | 4.2-1 | 243.98 | OK | |||
r-devel-windows-x86_64 | 4.2-1 | 70.00 | 99.00 | 169.00 | OK | |
r-patched-linux-x86_64 | 4.2-1 | 68.48 | 61.51 | 129.99 | OK | |
r-release-linux-x86_64 | 4.2-1 | 63.04 | 61.37 | 124.41 | OK | |
r-release-macos-arm64 | 4.2-1 | 57.00 | OK | |||
r-release-macos-x86_64 | 4.2-1 | 88.00 | NOTE | |||
r-release-windows-x86_64 | 4.2-1 | 69.00 | 98.00 | 167.00 | OK | |
r-oldrel-macos-arm64 | 4.2-1 | 68.00 | NOTE | |||
r-oldrel-macos-x86_64 | 4.2-1 | 112.00 | NOTE | |||
r-oldrel-windows-x86_64 | 4.2-1 | 86.00 | 121.00 | 207.00 | OK |
Version: 4.2-1
Check: installed package size
Result: NOTE
installed size is 5.2Mb
sub-directories of 1Mb or more:
libs 4.6Mb
Flavors: r-release-macos-x86_64, r-oldrel-macos-arm64, r-oldrel-macos-x86_64