CRAN Package Check Results for Package GWI

Last updated on 2024-12-19 23:50:35 CET.

Flavor Version Tinstall Tcheck Ttotal Status Flags
r-devel-linux-x86_64-debian-clang 1.0.2 1.39 17.55 18.94 OK
r-devel-linux-x86_64-debian-gcc 1.0.2 1.33 14.29 15.62 OK
r-devel-linux-x86_64-fedora-clang 1.0.2 30.73 OK
r-devel-linux-x86_64-fedora-gcc 1.0.2 28.48 OK
r-devel-windows-x86_64 1.0.2 3.00 36.00 39.00 OK
r-patched-linux-x86_64 1.0.2 1.81 16.68 18.49 NOTE
r-release-linux-x86_64 1.0.2 1.41 16.73 18.14 NOTE
r-release-macos-arm64 1.0.2 14.00 NOTE
r-release-macos-x86_64 1.0.2 20.00 NOTE
r-release-windows-x86_64 1.0.2 3.00 37.00 40.00 NOTE
r-oldrel-macos-arm64 1.0.2 16.00 NOTE
r-oldrel-macos-x86_64 1.0.2 19.00 NOTE
r-oldrel-windows-x86_64 1.0.2 4.00 36.00 40.00 NOTE

Check Details

Version: 1.0.2
Check: LazyData
Result: NOTE 'LazyData' is specified without a 'data' directory Flavors: r-patched-linux-x86_64, r-release-linux-x86_64, r-release-macos-arm64, r-release-macos-x86_64, r-release-windows-x86_64, r-oldrel-macos-arm64, r-oldrel-macos-x86_64, r-oldrel-windows-x86_64