Last updated on 2024-12-19 23:50:34 CET.
Flavor | Version | Tinstall | Tcheck | Ttotal | Status | Flags |
---|---|---|---|---|---|---|
r-devel-linux-x86_64-debian-clang | 1.2.6 | 43.06 | 112.14 | 155.20 | OK | |
r-devel-linux-x86_64-debian-gcc | 1.2.6 | 29.73 | 94.45 | 124.18 | OK | |
r-devel-linux-x86_64-fedora-clang | 1.2.6 | 478.85 | OK | |||
r-devel-linux-x86_64-fedora-gcc | 1.2.6 | 493.01 | OK | |||
r-devel-windows-x86_64 | 1.2.6 | 48.00 | 127.00 | 175.00 | OK | |
r-patched-linux-x86_64 | 1.2.6 | 40.73 | 110.97 | 151.70 | NOTE | |
r-release-linux-x86_64 | 1.2.6 | 42.06 | 113.09 | 155.15 | NOTE | |
r-release-macos-arm64 | 1.2.6 | 101.00 | NOTE | |||
r-release-macos-x86_64 | 1.2.6 | 185.00 | NOTE | |||
r-release-windows-x86_64 | 1.2.6 | 49.00 | 150.00 | 199.00 | NOTE | |
r-oldrel-macos-arm64 | 1.2.6 | 254.00 | NOTE | |||
r-oldrel-macos-x86_64 | 1.2.6 | 89.00 | NOTE | |||
r-oldrel-windows-x86_64 | 1.2.6 | 59.00 | 157.00 | 216.00 | NOTE |
Version: 1.2.6
Check: for GNU extensions in Makefiles
Result: NOTE
GNU make is a SystemRequirements.
Flavors: r-patched-linux-x86_64, r-release-linux-x86_64, r-release-macos-arm64, r-release-macos-x86_64, r-release-windows-x86_64, r-oldrel-macos-arm64, r-oldrel-macos-x86_64, r-oldrel-windows-x86_64