Last updated on 2024-12-19 23:50:34 CET.
Flavor | Version | Tinstall | Tcheck | Ttotal | Status | Flags |
---|---|---|---|---|---|---|
r-devel-linux-x86_64-debian-clang | 0.3.0 | 47.25 | 369.09 | 416.34 | OK | |
r-devel-linux-x86_64-debian-gcc | 0.3.0 | 33.04 | 255.94 | 288.98 | OK | |
r-devel-linux-x86_64-fedora-clang | 0.3.0 | 736.90 | OK | |||
r-devel-linux-x86_64-fedora-gcc | 0.3.0 | 756.28 | OK | |||
r-devel-windows-x86_64 | 0.3.0 | 57.00 | 448.00 | 505.00 | OK | |
r-patched-linux-x86_64 | 0.3.0 | 46.73 | 341.29 | 388.02 | OK | |
r-release-linux-x86_64 | 0.3.0 | 46.67 | 342.78 | 389.45 | OK | |
r-release-macos-arm64 | 0.3.0 | 215.00 | NOTE | |||
r-release-macos-x86_64 | 0.3.0 | 359.00 | NOTE | |||
r-release-windows-x86_64 | 0.3.0 | 56.00 | 459.00 | 515.00 | OK | |
r-oldrel-macos-arm64 | 0.3.0 | 241.00 | NOTE | |||
r-oldrel-macos-x86_64 | 0.3.0 | 422.00 | NOTE | |||
r-oldrel-windows-x86_64 | 0.3.0 | 65.00 | 561.00 | 626.00 | OK |
Version: 0.3.0
Check: installed package size
Result: NOTE
installed size is 5.7Mb
sub-directories of 1Mb or more:
doc 1.7Mb
libs 3.4Mb
Flavors: r-release-macos-arm64, r-release-macos-x86_64, r-oldrel-macos-arm64, r-oldrel-macos-x86_64