CRAN Package Check Results for Package HCR

Last updated on 2024-12-19 23:50:35 CET.

Flavor Version Tinstall Tcheck Ttotal Status Flags
r-devel-linux-x86_64-debian-clang 0.1.1 2.12 26.19 28.31 OK
r-devel-linux-x86_64-debian-gcc 0.1.1 1.78 20.09 21.87 OK
r-devel-linux-x86_64-fedora-clang 0.1.1 47.03 OK
r-devel-linux-x86_64-fedora-gcc 0.1.1 43.73 OK
r-devel-windows-x86_64 0.1.1 4.00 48.00 52.00 OK
r-patched-linux-x86_64 0.1.1 2.27 25.36 27.63 NOTE
r-release-linux-x86_64 0.1.1 2.27 25.47 27.74 NOTE
r-release-macos-arm64 0.1.1 17.00 NOTE
r-release-macos-x86_64 0.1.1 30.00 NOTE
r-release-windows-x86_64 0.1.1 4.00 45.00 49.00 NOTE
r-oldrel-macos-arm64 0.1.1 20.00 NOTE
r-oldrel-macos-x86_64 0.1.1 28.00 NOTE
r-oldrel-windows-x86_64 0.1.1 3.00 48.00 51.00 NOTE

Check Details

Version: 0.1.1
Check: LazyData
Result: NOTE 'LazyData' is specified without a 'data' directory Flavors: r-patched-linux-x86_64, r-release-linux-x86_64, r-release-macos-arm64, r-release-macos-x86_64, r-release-windows-x86_64, r-oldrel-macos-arm64, r-oldrel-macos-x86_64, r-oldrel-windows-x86_64