CRAN Package Check Results for Package HGNChelper

Last updated on 2024-12-19 23:50:35 CET.

Flavor Version Tinstall Tcheck Ttotal Status Flags
r-devel-linux-x86_64-debian-clang 0.8.15 6.59 44.93 51.52 OK
r-devel-linux-x86_64-debian-gcc 0.8.15 4.74 36.41 41.15 OK
r-devel-linux-x86_64-fedora-clang 0.8.15 81.76 OK
r-devel-linux-x86_64-fedora-gcc 0.8.15 89.87 OK
r-devel-windows-x86_64 0.8.15 8.00 64.00 72.00 OK
r-patched-linux-x86_64 0.8.15 6.85 42.70 49.55 OK
r-release-linux-x86_64 0.8.15 6.85 42.66 49.51 OK
r-release-macos-arm64 0.8.15 199.00 NOTE
r-release-macos-x86_64 0.8.15 227.00 NOTE
r-release-windows-x86_64 0.8.15 6.00 66.00 72.00 OK
r-oldrel-macos-arm64 0.8.15 206.00 NOTE
r-oldrel-macos-x86_64 0.8.15 222.00 NOTE
r-oldrel-windows-x86_64 0.8.15 9.00 73.00 82.00 NOTE

Check Details

Version: 0.8.15
Check: installed package size
Result: NOTE installed size is 5.2Mb sub-directories of 1Mb or more: data 4.8Mb Flavors: r-release-macos-arm64, r-release-macos-x86_64, r-oldrel-macos-arm64, r-oldrel-macos-x86_64, r-oldrel-windows-x86_64