CRAN Package Check Results for Package Haplin

Last updated on 2024-12-19 23:50:35 CET.

Flavor Version Tinstall Tcheck Ttotal Status Flags
r-devel-linux-x86_64-debian-clang 7.3.2 19.12 367.64 386.76 OK
r-devel-linux-x86_64-debian-gcc 7.3.2 15.47 238.12 253.59 OK
r-devel-linux-x86_64-fedora-clang 7.3.2 625.75 OK
r-devel-linux-x86_64-fedora-gcc 7.3.2 627.23 OK
r-devel-windows-x86_64 7.3.2 27.00 404.00 431.00 OK
r-patched-linux-x86_64 7.3.2 21.61 346.48 368.09 NOTE
r-release-linux-x86_64 7.3.2 21.74 347.50 369.24 NOTE
r-release-macos-arm64 7.3.2 176.00 NOTE
r-release-macos-x86_64 7.3.2 529.00 NOTE
r-release-windows-x86_64 7.3.2 27.00 411.00 438.00 OK
r-oldrel-macos-arm64 7.3.2 228.00 NOTE
r-oldrel-macos-x86_64 7.3.2 512.00 NOTE
r-oldrel-windows-x86_64 7.3.2 33.00 505.00 538.00 OK

Check Details

Version: 7.3.2
Check: package dependencies
Result: NOTE Package suggested but not available for checking: ‘Rmpi’ Flavors: r-patched-linux-x86_64, r-release-linux-x86_64, r-release-macos-arm64, r-release-macos-x86_64, r-oldrel-macos-arm64, r-oldrel-macos-x86_64