CRAN Package Check Results for Package HistDAWass

Last updated on 2024-12-19 23:50:35 CET.

Flavor Version Tinstall Tcheck Ttotal Status Flags
r-devel-linux-x86_64-debian-clang 1.0.8 57.74 122.26 180.00 OK
r-devel-linux-x86_64-debian-gcc 1.0.8 37.42 85.19 122.61 OK
r-devel-linux-x86_64-fedora-clang 1.0.8 310.44 OK
r-devel-linux-x86_64-fedora-gcc 1.0.8 317.77 OK
r-devel-windows-x86_64 1.0.8 56.00 159.00 215.00 OK
r-patched-linux-x86_64 1.0.8 51.91 113.86 165.77 OK
r-release-linux-x86_64 1.0.8 53.74 113.98 167.72 OK
r-release-macos-arm64 1.0.8 72.00 NOTE
r-release-macos-x86_64 1.0.8 108.00 NOTE
r-release-windows-x86_64 1.0.8 54.00 160.00 214.00 OK
r-oldrel-macos-arm64 1.0.8 81.00 NOTE
r-oldrel-macos-x86_64 1.0.8 176.00 NOTE
r-oldrel-windows-x86_64 1.0.8 72.00 202.00 274.00 OK

Check Details

Version: 1.0.8
Check: installed package size
Result: NOTE installed size is 6.9Mb sub-directories of 1Mb or more: data 1.0Mb libs 4.9Mb Flavors: r-release-macos-arm64, r-release-macos-x86_64, r-oldrel-macos-arm64, r-oldrel-macos-x86_64