Last updated on 2024-12-19 23:50:35 CET.
Flavor | Version | Tinstall | Tcheck | Ttotal | Status | Flags |
---|---|---|---|---|---|---|
r-devel-linux-x86_64-debian-clang | 0.2.0 | 23.20 | 83.04 | 106.24 | NOTE | |
r-devel-linux-x86_64-debian-gcc | 0.2.0 | 16.23 | 58.59 | 74.82 | NOTE | |
r-devel-linux-x86_64-fedora-clang | 0.2.0 | 181.13 | NOTE | |||
r-devel-linux-x86_64-fedora-gcc | 0.2.0 | 185.61 | NOTE | |||
r-devel-windows-x86_64 | 0.2.0 | 27.00 | 109.00 | 136.00 | NOTE | |
r-patched-linux-x86_64 | 0.2.0 | 23.78 | 78.52 | 102.30 | NOTE | |
r-release-linux-x86_64 | 0.2.0 | 22.73 | 78.18 | 100.91 | NOTE | |
r-release-macos-arm64 | 0.2.0 | 56.00 | NOTE | |||
r-release-macos-x86_64 | 0.2.0 | 82.00 | NOTE | |||
r-release-windows-x86_64 | 0.2.0 | 27.00 | 107.00 | 134.00 | NOTE | |
r-oldrel-macos-arm64 | 0.2.0 | 62.00 | NOTE | |||
r-oldrel-macos-x86_64 | 0.2.0 | 100.00 | NOTE | |||
r-oldrel-windows-x86_64 | 0.2.0 | 30.00 | 137.00 | 167.00 | NOTE |
Version: 0.2.0
Check: C++ specification
Result: NOTE
Specified C++11: please drop specification unless essential
Flavors: r-devel-linux-x86_64-debian-clang, r-devel-linux-x86_64-debian-gcc, r-devel-linux-x86_64-fedora-clang, r-devel-linux-x86_64-fedora-gcc, r-devel-windows-x86_64, r-patched-linux-x86_64, r-release-linux-x86_64, r-release-macos-arm64, r-release-macos-x86_64, r-release-windows-x86_64, r-oldrel-macos-arm64, r-oldrel-macos-x86_64, r-oldrel-windows-x86_64