Last updated on 2024-12-19 23:50:35 CET.
Flavor | Version | Tinstall | Tcheck | Ttotal | Status | Flags |
---|---|---|---|---|---|---|
r-devel-linux-x86_64-debian-clang | 0.3-5 | 32.59 | 192.12 | 224.71 | NOTE | |
r-devel-linux-x86_64-debian-gcc | 0.3-5 | 24.22 | 129.80 | 154.02 | NOTE | |
r-devel-linux-x86_64-fedora-clang | 0.3-5 | 380.21 | OK | |||
r-devel-linux-x86_64-fedora-gcc | 0.3-5 | 379.66 | OK | |||
r-devel-windows-x86_64 | 0.3-5 | 39.00 | 199.00 | 238.00 | NOTE | |
r-patched-linux-x86_64 | 0.3-5 | 42.84 | 169.17 | 212.01 | OK | |
r-release-linux-x86_64 | 0.3-5 | 33.87 | 168.36 | 202.23 | OK | |
r-release-macos-arm64 | 0.3-5 | 89.00 | NOTE | |||
r-release-macos-x86_64 | 0.3-5 | 135.00 | NOTE | |||
r-release-windows-x86_64 | 0.3-5 | 36.00 | 190.00 | 226.00 | OK | |
r-oldrel-macos-arm64 | 0.3-5 | 100.00 | NOTE | |||
r-oldrel-macos-x86_64 | 0.3-5 | 171.00 | NOTE | |||
r-oldrel-windows-x86_64 | 0.3-5 | 47.00 | 239.00 | 286.00 | OK |
Version: 0.3-5
Check: Rd cross-references
Result: NOTE
Found the following Rd file(s) with Rd \link{} targets missing package
anchors:
covSIR.Rd: ics
ggplot.ictest.Rd: ggpairs
ggplot.ladle.Rd: ggpairs
Please provide package anchors for all Rd \link{} targets not in the
package itself and the base packages.
Flavors: r-devel-linux-x86_64-debian-clang, r-devel-linux-x86_64-debian-gcc, r-devel-windows-x86_64
Version: 0.3-5
Check: installed package size
Result: NOTE
installed size is 5.4Mb
sub-directories of 1Mb or more:
doc 2.5Mb
libs 2.6Mb
Flavors: r-release-macos-arm64, r-release-macos-x86_64, r-oldrel-macos-arm64, r-oldrel-macos-x86_64