Last updated on 2024-12-19 23:50:35 CET.
Flavor | Version | Tinstall | Tcheck | Ttotal | Status | Flags |
---|---|---|---|---|---|---|
r-devel-linux-x86_64-debian-clang | 0.3.1 | 17.85 | 26.58 | 44.43 | NOTE | |
r-devel-linux-x86_64-debian-gcc | 0.3.1 | 12.83 | 21.21 | 34.04 | NOTE | |
r-devel-linux-x86_64-fedora-clang | 0.3.1 | 83.60 | NOTE | |||
r-devel-linux-x86_64-fedora-gcc | 0.3.1 | 79.93 | NOTE | |||
r-devel-windows-x86_64 | 0.3.1 | 22.00 | 65.00 | 87.00 | NOTE | |
r-patched-linux-x86_64 | 0.3.1 | 18.49 | 25.52 | 44.01 | NOTE | |
r-release-linux-x86_64 | 0.3.1 | 17.29 | 25.70 | 42.99 | NOTE | |
r-release-macos-arm64 | 0.3.1 | 27.00 | NOTE | |||
r-release-macos-x86_64 | 0.3.1 | 32.00 | NOTE | |||
r-release-windows-x86_64 | 0.3.1 | 21.00 | 77.00 | 98.00 | NOTE | |
r-oldrel-macos-arm64 | 0.3.1 | 28.00 | OK | |||
r-oldrel-macos-x86_64 | 0.3.1 | 43.00 | OK | |||
r-oldrel-windows-x86_64 | 0.3.1 | 20.00 | 77.00 | 97.00 | OK |
Version: 0.3.1
Check: Rd files
Result: NOTE
checkRd: (-1) simHawkes1a.Rd:35: Lost braces; missing escapes or markup?
35 | distribution; 'd${dis}' gives the density function \eqn{g(\cdot)}.}
| ^
Flavors: r-devel-linux-x86_64-debian-clang, r-devel-linux-x86_64-debian-gcc, r-devel-linux-x86_64-fedora-clang, r-devel-linux-x86_64-fedora-gcc, r-devel-windows-x86_64, r-patched-linux-x86_64, r-release-linux-x86_64, r-release-macos-arm64, r-release-macos-x86_64, r-release-windows-x86_64