CRAN Package Check Results for Package IMmailgun

Last updated on 2024-12-19 23:50:35 CET.

Flavor Version Tinstall Tcheck Ttotal Status Flags
r-devel-linux-x86_64-debian-clang 0.1.2 2.29 15.83 18.12 OK
r-devel-linux-x86_64-debian-gcc 0.1.2 1.54 12.64 14.18 OK
r-devel-linux-x86_64-fedora-clang 0.1.2 29.35 OK
r-devel-linux-x86_64-fedora-gcc 0.1.2 27.63 OK
r-devel-windows-x86_64 0.1.2 3.00 38.00 41.00 OK
r-patched-linux-x86_64 0.1.2 1.36 15.22 16.58 NOTE
r-release-linux-x86_64 0.1.2 2.19 15.30 17.49 NOTE
r-release-macos-arm64 0.1.2 15.00 NOTE
r-release-macos-x86_64 0.1.2 19.00 NOTE
r-release-windows-x86_64 0.1.2 5.00 38.00 43.00 NOTE
r-oldrel-macos-arm64 0.1.2 23.00 NOTE
r-oldrel-macos-x86_64 0.1.2 17.00 NOTE
r-oldrel-windows-x86_64 0.1.2 4.00 40.00 44.00 NOTE

Check Details

Version: 0.1.2
Check: LazyData
Result: NOTE 'LazyData' is specified without a 'data' directory Flavors: r-patched-linux-x86_64, r-release-linux-x86_64, r-release-macos-arm64, r-release-macos-x86_64, r-release-windows-x86_64, r-oldrel-macos-arm64, r-oldrel-macos-x86_64, r-oldrel-windows-x86_64