Last updated on 2024-12-19 23:50:35 CET.
Flavor | Version | Tinstall | Tcheck | Ttotal | Status | Flags |
---|---|---|---|---|---|---|
r-devel-linux-x86_64-debian-clang | 0.1-12 | 5.04 | 47.31 | 52.35 | OK | |
r-devel-linux-x86_64-debian-gcc | 0.1-12 | 4.17 | 36.04 | 40.21 | OK | |
r-devel-linux-x86_64-fedora-clang | 0.1-12 | 85.11 | OK | |||
r-devel-linux-x86_64-fedora-gcc | 0.1-12 | 92.78 | OK | |||
r-devel-windows-x86_64 | 0.1-12 | 7.00 | 65.00 | 72.00 | OK | |
r-patched-linux-x86_64 | 0.1-12 | 5.79 | 44.39 | 50.18 | NOTE | |
r-release-linux-x86_64 | 0.1-12 | 5.17 | 44.63 | 49.80 | NOTE | |
r-release-macos-arm64 | 0.1-12 | 26.00 | NOTE | |||
r-release-macos-x86_64 | 0.1-12 | 37.00 | NOTE | |||
r-release-windows-x86_64 | 0.1-12 | 6.00 | 64.00 | 70.00 | OK | |
r-oldrel-macos-arm64 | 0.1-12 | 36.00 | NOTE | |||
r-oldrel-macos-x86_64 | 0.1-12 | 101.00 | NOTE | |||
r-oldrel-windows-x86_64 | 0.1-12 | 9.00 | 70.00 | 79.00 | NOTE |
Version: 0.1-12
Check: package dependencies
Result: NOTE
Package suggested but not available for checking: ‘INLA’
Flavors: r-patched-linux-x86_64, r-release-linux-x86_64, r-release-macos-arm64, r-release-macos-x86_64, r-oldrel-macos-arm64, r-oldrel-macos-x86_64, r-oldrel-windows-x86_64