CRAN Package Check Results for Package JANE

Last updated on 2024-12-19 23:50:36 CET.

Flavor Version Tinstall Tcheck Ttotal Status Flags
r-devel-linux-x86_64-debian-clang 0.1.1 112.22 136.56 248.78 OK
r-devel-linux-x86_64-debian-gcc 0.1.1 84.08 103.62 187.70 OK
r-devel-linux-x86_64-fedora-clang 0.2.1 289.25 OK
r-devel-linux-x86_64-fedora-gcc 0.2.1 437.09 OK
r-devel-windows-x86_64 0.1.1 116.00 173.00 289.00 OK
r-patched-linux-x86_64 0.1.1 112.53 141.90 254.43 OK
r-release-linux-x86_64 0.1.1 119.10 136.13 255.23 OK
r-release-macos-arm64 0.2.1 102.00 NOTE
r-release-macos-x86_64 0.2.1 203.00 NOTE
r-release-windows-x86_64 0.1.1 119.00 175.00 294.00 OK
r-oldrel-macos-arm64 0.2.1 109.00 NOTE
r-oldrel-macos-x86_64 0.2.1 190.00 NOTE
r-oldrel-windows-x86_64 0.1.1 142.00 238.00 380.00 OK

Check Details

Version: 0.2.1
Check: installed package size
Result: NOTE installed size is 7.3Mb sub-directories of 1Mb or more: libs 7.1Mb Flavors: r-release-macos-arm64, r-release-macos-x86_64, r-oldrel-macos-arm64, r-oldrel-macos-x86_64