CRAN Package Check Results for Package KODAMA

Last updated on 2024-12-19 23:50:36 CET.

Flavor Version Tinstall Tcheck Ttotal Status Flags
r-devel-linux-x86_64-debian-clang 2.4.1 52.29 81.33 133.62 OK
r-devel-linux-x86_64-debian-gcc 2.4.1 39.14 60.56 99.70 OK
r-devel-linux-x86_64-fedora-clang 2.4.1 249.20 OK
r-devel-linux-x86_64-fedora-gcc 2.4.1 248.20 OK
r-devel-windows-x86_64 2.4.1 59.00 124.00 183.00 OK
r-patched-linux-x86_64 2.4.1 52.39 77.08 129.47 OK
r-release-linux-x86_64 2.4.1 50.00 77.51 127.51 OK
r-release-macos-arm64 2.4.1 69.00 NOTE
r-release-macos-x86_64 2.4.1 134.00 NOTE
r-release-windows-x86_64 2.4.1 60.00 123.00 183.00 OK
r-oldrel-macos-arm64 2.4.1 74.00 NOTE
r-oldrel-macos-x86_64 2.4.1 127.00 NOTE
r-oldrel-windows-x86_64 2.4.1 71.00 150.00 221.00 OK

Check Details

Version: 2.4.1
Check: installed package size
Result: NOTE installed size is 6.8Mb sub-directories of 1Mb or more: data 1.6Mb libs 4.1Mb Flavors: r-release-macos-arm64, r-release-macos-x86_64, r-oldrel-macos-arm64, r-oldrel-macos-x86_64