CRAN Package Check Results for Package KneeArrower

Last updated on 2024-12-19 23:50:36 CET.

Flavor Version Tinstall Tcheck Ttotal Status Flags
r-devel-linux-x86_64-debian-clang 1.0.0 1.76 24.51 26.27 OK
r-devel-linux-x86_64-debian-gcc 1.0.0 1.34 20.05 21.39 OK
r-devel-linux-x86_64-fedora-clang 1.0.0 43.01 OK
r-devel-linux-x86_64-fedora-gcc 1.0.0 54.21 OK
r-devel-windows-x86_64 1.0.0 3.00 46.00 49.00 OK
r-patched-linux-x86_64 1.0.0 1.32 23.31 24.63 NOTE
r-release-linux-x86_64 1.0.0 1.63 23.41 25.04 NOTE
r-release-macos-arm64 1.0.0 23.00 NOTE
r-release-macos-x86_64 1.0.0 34.00 NOTE
r-release-windows-x86_64 1.0.0 3.00 49.00 52.00 NOTE
r-oldrel-macos-arm64 1.0.0 23.00 NOTE
r-oldrel-macos-x86_64 1.0.0 31.00 NOTE
r-oldrel-windows-x86_64 1.0.0 3.00 46.00 49.00 NOTE

Check Details

Version: 1.0.0
Check: LazyData
Result: NOTE 'LazyData' is specified without a 'data' directory Flavors: r-patched-linux-x86_64, r-release-linux-x86_64, r-release-macos-arm64, r-release-macos-x86_64, r-release-windows-x86_64, r-oldrel-macos-arm64, r-oldrel-macos-x86_64, r-oldrel-windows-x86_64