CRAN Package Check Results for Package L2E

Last updated on 2024-12-19 23:50:36 CET.

Flavor Version Tinstall Tcheck Ttotal Status Flags
r-devel-linux-x86_64-debian-clang 2.0 9.56 122.54 132.10 OK
r-devel-linux-x86_64-debian-gcc 2.0 6.20 89.99 96.19 OK
r-devel-linux-x86_64-fedora-clang 2.0 209.90 NOTE
r-devel-linux-x86_64-fedora-gcc 2.0 220.27 NOTE
r-devel-windows-x86_64 2.0 9.00 188.00 197.00 OK
r-patched-linux-x86_64 2.0 9.53 115.50 125.03 OK
r-release-linux-x86_64 2.0 7.70 116.79 124.49 OK
r-release-macos-arm64 2.0 69.00 OK
r-release-macos-x86_64 2.0 103.00 OK
r-release-windows-x86_64 2.0 10.00 191.00 201.00 OK
r-oldrel-macos-arm64 2.0 61.00 OK
r-oldrel-macos-x86_64 2.0 109.00 OK
r-oldrel-windows-x86_64 2.0 12.00 193.00 205.00 OK

Check Details

Version: 2.0
Check: dependencies in R code
Result: NOTE Namespace in Imports field not imported from: ‘robustbase’ All declared Imports should be used. Flavors: r-devel-linux-x86_64-fedora-clang, r-devel-linux-x86_64-fedora-gcc