CRAN Package Check Results for Package LeArEst

Last updated on 2024-12-19 23:50:36 CET.

Flavor Version Tinstall Tcheck Ttotal Status Flags
r-devel-linux-x86_64-debian-clang 1.0.0 4.24 27.16 31.40 OK
r-devel-linux-x86_64-debian-gcc 1.0.0 3.07 19.74 22.81 OK
r-devel-linux-x86_64-fedora-clang 1.0.0 49.90 OK
r-devel-linux-x86_64-fedora-gcc 1.0.0 47.86 OK
r-devel-windows-x86_64 1.0.0 5.00 46.00 51.00 OK
r-patched-linux-x86_64 1.0.0 4.99 25.43 30.42 NOTE
r-release-linux-x86_64 1.0.0 4.46 25.58 30.04 NOTE
r-release-macos-arm64 1.0.0 19.00 NOTE
r-release-macos-x86_64 1.0.0 26.00 NOTE
r-release-windows-x86_64 1.0.0 6.00 47.00 53.00 NOTE
r-oldrel-macos-arm64 1.0.0 22.00 NOTE
r-oldrel-macos-x86_64 1.0.0 27.00 NOTE
r-oldrel-windows-x86_64 1.0.0 8.00 50.00 58.00 NOTE

Check Details

Version: 1.0.0
Check: LazyData
Result: NOTE 'LazyData' is specified without a 'data' directory Flavors: r-patched-linux-x86_64, r-release-linux-x86_64, r-release-macos-arm64, r-release-macos-x86_64, r-release-windows-x86_64, r-oldrel-macos-arm64, r-oldrel-macos-x86_64, r-oldrel-windows-x86_64