CRAN Package Check Results for Package LoBrA

Last updated on 2024-12-19 23:50:36 CET.

Flavor Version Tinstall Tcheck Ttotal Status Flags
r-devel-linux-x86_64-debian-clang 1.0 2.91 58.50 61.41 OK
r-devel-linux-x86_64-debian-gcc 1.0 2.14 40.62 42.76 OK
r-devel-linux-x86_64-fedora-clang 1.0 95.77 NOTE
r-devel-linux-x86_64-fedora-gcc 1.0 106.83 NOTE
r-devel-windows-x86_64 1.0 5.00 77.00 82.00 OK
r-patched-linux-x86_64 1.0 2.63 52.56 55.19 OK
r-release-linux-x86_64 1.0 2.60 54.75 57.35 OK
r-release-macos-arm64 1.0 35.00 OK
r-release-macos-x86_64 1.0 59.00 OK
r-release-windows-x86_64 1.0 5.00 76.00 81.00 OK
r-oldrel-macos-arm64 1.0 38.00 OK
r-oldrel-macos-x86_64 1.0 57.00 OK
r-oldrel-windows-x86_64 1.0 5.00 91.00 96.00 OK

Check Details

Version: 1.0
Check: dependencies in R code
Result: NOTE Namespaces in Imports field not imported from: ‘RColorBrewer’ ‘base’ ‘qpdf’ All declared Imports should be used. Flavors: r-devel-linux-x86_64-fedora-clang, r-devel-linux-x86_64-fedora-gcc