Last updated on 2024-12-19 23:50:37 CET.
Flavor | Version | Tinstall | Tcheck | Ttotal | Status | Flags |
---|---|---|---|---|---|---|
r-devel-linux-x86_64-debian-clang | 1.1.0 | 23.97 | 213.13 | 237.10 | OK | |
r-devel-linux-x86_64-debian-gcc | 1.1.0 | 18.10 | 149.60 | 167.70 | OK | |
r-devel-linux-x86_64-fedora-clang | 1.1.0 | 405.10 | OK | |||
r-devel-linux-x86_64-fedora-gcc | 1.1.0 | 383.02 | OK | |||
r-devel-windows-x86_64 | 1.1.0 | 25.00 | 218.00 | 243.00 | OK | |
r-patched-linux-x86_64 | 1.1.0 | 20.03 | 203.28 | 223.31 | OK | |
r-release-linux-x86_64 | 1.1.0 | 22.52 | 203.24 | 225.76 | OK | |
r-release-macos-arm64 | 1.1.0 | 85.00 | OK | |||
r-release-macos-x86_64 | 1.1.0 | 134.00 | NOTE | |||
r-release-windows-x86_64 | 1.1.0 | 27.00 | 213.00 | 240.00 | OK | |
r-oldrel-macos-arm64 | 1.1.0 | 125.00 | NOTE | |||
r-oldrel-macos-x86_64 | 1.1.0 | 257.00 | OK | |||
r-oldrel-windows-x86_64 | 1.1.0 | 33.00 | 279.00 | 312.00 | OK |
Version: 1.1.0
Check: installed package size
Result: NOTE
installed size is 5.4Mb
sub-directories of 1Mb or more:
data 5.0Mb
Flavors: r-release-macos-x86_64, r-oldrel-macos-arm64