CRAN Package Check Results for Package M2SMF

Last updated on 2024-12-19 23:50:37 CET.

Flavor Version Tinstall Tcheck Ttotal Status Flags
r-devel-linux-x86_64-debian-clang 2.0 4.26 37.91 42.17 OK
r-devel-linux-x86_64-debian-gcc 2.0 3.17 28.93 32.10 OK
r-devel-linux-x86_64-fedora-clang 2.0 72.93 OK
r-devel-linux-x86_64-fedora-gcc 2.0 79.45 OK
r-devel-windows-x86_64 2.0 6.00 59.00 65.00 OK
r-patched-linux-x86_64 2.0 3.84 36.07 39.91 NOTE
r-release-linux-x86_64 2.0 4.03 36.09 40.12 NOTE
r-release-macos-arm64 2.0 29.00 NOTE
r-release-macos-x86_64 2.0 44.00 NOTE
r-release-windows-x86_64 2.0 7.00 61.00 68.00 NOTE
r-oldrel-macos-arm64 2.0 32.00 NOTE
r-oldrel-macos-x86_64 2.0 44.00 NOTE
r-oldrel-windows-x86_64 2.0 6.00 64.00 70.00 NOTE

Check Details

Version: 2.0
Check: LazyData
Result: NOTE 'LazyData' is specified without a 'data' directory Flavors: r-patched-linux-x86_64, r-release-linux-x86_64, r-release-macos-arm64, r-release-macos-x86_64, r-release-windows-x86_64, r-oldrel-macos-arm64, r-oldrel-macos-x86_64, r-oldrel-windows-x86_64