Last updated on 2024-12-19 23:50:37 CET.
Flavor | Version | Tinstall | Tcheck | Ttotal | Status | Flags |
---|---|---|---|---|---|---|
r-devel-linux-x86_64-debian-clang | 1.1.7 | 112.09 | 167.63 | 279.72 | OK | |
r-devel-linux-x86_64-debian-gcc | 1.1.7 | 108.81 | 130.41 | 239.22 | OK | |
r-devel-linux-x86_64-fedora-clang | 1.1.7 | 482.51 | OK | |||
r-devel-linux-x86_64-fedora-gcc | 1.1.7 | 594.29 | OK | |||
r-devel-windows-x86_64 | 1.1.7 | 119.00 | 234.00 | 353.00 | OK | |
r-patched-linux-x86_64 | 1.1.7 | 140.60 | 176.12 | 316.72 | NOTE | |
r-release-linux-x86_64 | 1.1.7 | 141.34 | 176.98 | 318.32 | NOTE | |
r-release-macos-arm64 | 1.1.7 | 126.00 | NOTE | |||
r-release-macos-x86_64 | 1.1.7 | 226.00 | NOTE | |||
r-release-windows-x86_64 | 1.1.7 | 133.00 | 222.00 | 355.00 | NOTE | |
r-oldrel-macos-arm64 | 1.1.7 | 131.00 | NOTE | |||
r-oldrel-macos-x86_64 | 1.1.7 | 275.00 | NOTE | |||
r-oldrel-windows-x86_64 | 1.1.7 | 156.00 | 261.00 | 417.00 | NOTE |
Version: 1.1.7
Check: for GNU extensions in Makefiles
Result: NOTE
GNU make is a SystemRequirements.
Flavors: r-patched-linux-x86_64, r-release-linux-x86_64, r-release-macos-arm64, r-release-macos-x86_64, r-release-windows-x86_64, r-oldrel-macos-arm64, r-oldrel-macos-x86_64, r-oldrel-windows-x86_64
Version: 1.1.7
Check: installed package size
Result: NOTE
installed size is 38.4Mb
sub-directories of 1Mb or more:
libs 38.0Mb
Flavors: r-release-macos-arm64, r-release-macos-x86_64, r-oldrel-macos-arm64, r-oldrel-macos-x86_64