CRAN Package Check Results for Package MFDFA

Last updated on 2024-12-19 23:50:37 CET.

Flavor Version Tinstall Tcheck Ttotal Status Flags
r-devel-linux-x86_64-debian-clang 1.1 1.99 29.19 31.18 OK
r-devel-linux-x86_64-debian-gcc 1.1 1.49 20.86 22.35 OK
r-devel-linux-x86_64-fedora-clang 1.1 50.91 OK
r-devel-linux-x86_64-fedora-gcc 1.1 49.76 OK
r-devel-windows-x86_64 1.1 2.00 49.00 51.00 OK
r-patched-linux-x86_64 1.1 1.99 28.51 30.50 NOTE
r-release-linux-x86_64 1.1 1.72 27.71 29.43 NOTE
r-release-macos-arm64 1.1 17.00 NOTE
r-release-macos-x86_64 1.1 26.00 NOTE
r-release-windows-x86_64 1.1 5.00 59.00 64.00 NOTE
r-oldrel-macos-arm64 1.1 20.00 NOTE
r-oldrel-macos-x86_64 1.1 30.00 NOTE
r-oldrel-windows-x86_64 1.1 2.00 53.00 55.00 NOTE

Check Details

Version: 1.1
Check: LazyData
Result: NOTE 'LazyData' is specified without a 'data' directory Flavors: r-patched-linux-x86_64, r-release-linux-x86_64, r-release-macos-arm64, r-release-macos-x86_64, r-release-windows-x86_64, r-oldrel-macos-arm64, r-oldrel-macos-x86_64, r-oldrel-windows-x86_64