CRAN Package Check Results for Package MIIPW

Last updated on 2024-12-19 23:50:38 CET.

Flavor Version Tinstall Tcheck Ttotal Status Flags
r-devel-linux-x86_64-debian-clang 0.1.1 12.31 115.90 128.21 NOTE
r-devel-linux-x86_64-debian-gcc 0.1.1 8.25 78.99 87.24 NOTE
r-devel-linux-x86_64-fedora-clang 0.1.1 211.78 OK
r-devel-linux-x86_64-fedora-gcc 0.1.1 210.06 OK
r-devel-windows-x86_64 0.1.1 13.00 114.00 127.00 NOTE
r-patched-linux-x86_64 0.1.1 20.48 107.80 128.28 OK
r-release-linux-x86_64 0.1.1 12.13 108.35 120.48 OK
r-release-macos-arm64 0.1.1 61.00 OK
r-release-macos-x86_64 0.1.1 90.00 OK
r-release-windows-x86_64 0.1.1 13.00 116.00 129.00 OK
r-oldrel-macos-arm64 0.1.1 61.00 OK
r-oldrel-macos-x86_64 0.1.1 117.00 OK
r-oldrel-windows-x86_64 0.1.1 17.00 145.00 162.00 OK

Check Details

Version: 0.1.1
Check: Rd cross-references
Result: NOTE Found the following Rd file(s) with Rd \link{} targets missing package anchors: AIPW.Rd: mice MeanScore.Rd: mice miAIPW.Rd: mice miSIPW.Rd: mice Please provide package anchors for all Rd \link{} targets not in the package itself and the base packages. Flavors: r-devel-linux-x86_64-debian-clang, r-devel-linux-x86_64-debian-gcc, r-devel-windows-x86_64