Last updated on 2024-12-19 23:50:38 CET.
Flavor | Version | Tinstall | Tcheck | Ttotal | Status | Flags |
---|---|---|---|---|---|---|
r-devel-linux-x86_64-debian-clang | 0.1.5 | 121.58 | 112.66 | 234.24 | OK | |
r-devel-linux-x86_64-debian-gcc | 0.1.5 | 90.65 | 83.26 | 173.91 | OK | |
r-devel-linux-x86_64-fedora-clang | 0.1.5 | 368.30 | OK | |||
r-devel-linux-x86_64-fedora-gcc | 0.1.5 | 458.26 | OK | |||
r-devel-windows-x86_64 | 0.1.5 | 107.00 | 144.00 | 251.00 | OK | |
r-patched-linux-x86_64 | 0.1.5 | 128.25 | 114.61 | 242.86 | OK | |
r-release-linux-x86_64 | 0.1.5 | 124.60 | 114.12 | 238.72 | OK | |
r-release-macos-arm64 | 0.1.5 | 123.00 | NOTE | |||
r-release-macos-x86_64 | 0.1.5 | 198.00 | NOTE | |||
r-release-windows-x86_64 | 0.1.5 | 110.00 | 140.00 | 250.00 | NOTE | |
r-oldrel-macos-arm64 | 0.1.5 | 122.00 | NOTE | |||
r-oldrel-macos-x86_64 | 0.1.5 | 208.00 | NOTE | |||
r-oldrel-windows-x86_64 | 0.1.5 | 128.00 | 181.00 | 309.00 | NOTE |
Version: 0.1.5
Check: installed package size
Result: NOTE
installed size is 50.2Mb
sub-directories of 1Mb or more:
libs 49.7Mb
Flavors: r-release-macos-arm64, r-release-macos-x86_64, r-release-windows-x86_64, r-oldrel-macos-arm64, r-oldrel-macos-x86_64, r-oldrel-windows-x86_64