CRAN Package Check Results for Package MPCR

Last updated on 2024-12-19 23:50:38 CET.

Flavor Version Tinstall Tcheck Ttotal Status Flags
r-devel-linux-x86_64-debian-clang 1.1.3 3218.21 66.94 3285.15 OK
r-devel-linux-x86_64-debian-gcc 1.1.3 1087.78 46.74 1134.52 OK
r-devel-linux-x86_64-fedora-clang 1.1.3 6611.60 OK
r-devel-linux-x86_64-fedora-gcc 1.1.3 3042.15 OK
r-patched-linux-x86_64 1.1.3 1447.85 63.44 1511.29 OK
r-release-linux-x86_64 1.1.3 1465.00 63.66 1528.66 OK
r-release-macos-arm64 1.1.3 610.00 NOTE
r-release-macos-x86_64 1.1.3 1141.00 NOTE
r-oldrel-macos-arm64 1.1.3 747.00 NOTE
r-oldrel-macos-x86_64 1.1.3 1268.00 NOTE

Additional issues

clang-UBSAN

Check Details

Version: 1.1.3
Check: installed package size
Result: NOTE installed size is 5.6Mb sub-directories of 1Mb or more: libs 5.0Mb Flavors: r-release-macos-arm64, r-release-macos-x86_64, r-oldrel-macos-arm64, r-oldrel-macos-x86_64