Last updated on 2024-12-19 23:50:38 CET.
Flavor | Version | Tinstall | Tcheck | Ttotal | Status | Flags |
---|---|---|---|---|---|---|
r-devel-linux-x86_64-debian-clang | 3.0 | 28.61 | 116.68 | 145.29 | OK | |
r-devel-linux-x86_64-debian-gcc | 3.0 | 16.87 | 72.24 | 89.11 | OK | |
r-devel-linux-x86_64-fedora-clang | 3.0 | 240.87 | NOTE | |||
r-devel-linux-x86_64-fedora-gcc | 3.0 | 222.65 | NOTE | |||
r-devel-windows-x86_64 | 3.0 | 28.00 | 106.00 | 134.00 | OK | |
r-patched-linux-x86_64 | 3.0 | 26.26 | 107.07 | 133.33 | OK | |
r-release-linux-x86_64 | 3.0 | 23.50 | 107.21 | 130.71 | OK | |
r-release-macos-arm64 | 3.0 | 55.00 | OK | |||
r-release-macos-x86_64 | 3.0 | 80.00 | OK | |||
r-release-windows-x86_64 | 3.0 | 28.00 | 106.00 | 134.00 | OK | |
r-oldrel-macos-arm64 | 3.0 | 60.00 | OK | |||
r-oldrel-macos-x86_64 | 3.0 | 93.00 | OK | |||
r-oldrel-windows-x86_64 | 3.0 | 36.00 | 132.00 | 168.00 | OK |
Version: 3.0
Check: dependencies in R code
Result: NOTE
Namespaces in Imports field not imported from:
‘datasets’ ‘grDevices’ ‘graphics’ ‘iterators’ ‘methods’
All declared Imports should be used.
Flavors: r-devel-linux-x86_64-fedora-clang, r-devel-linux-x86_64-fedora-gcc