CRAN Package Check Results for Package MWright

Last updated on 2024-12-19 23:50:39 CET.

Flavor Version Tinstall Tcheck Ttotal Status Flags
r-devel-linux-x86_64-debian-clang 0.3.2 2.80 24.30 27.10 OK
r-devel-linux-x86_64-debian-gcc 0.3.2 1.96 18.95 20.91 OK
r-devel-linux-x86_64-fedora-clang 0.3.2 44.02 OK
r-devel-linux-x86_64-fedora-gcc 0.3.2 41.30 OK
r-devel-windows-x86_64 0.3.2 5.00 47.00 52.00 OK
r-patched-linux-x86_64 0.3.2 2.68 23.09 25.77 NOTE
r-release-linux-x86_64 0.3.2 2.59 23.02 25.61 NOTE
r-release-macos-arm64 0.3.2 16.00 NOTE
r-release-macos-x86_64 0.3.2 25.00 NOTE
r-release-windows-x86_64 0.3.2 4.00 46.00 50.00 NOTE
r-oldrel-macos-arm64 0.3.2 16.00 NOTE
r-oldrel-macos-x86_64 0.3.2 25.00 NOTE
r-oldrel-windows-x86_64 0.3.2 4.00 49.00 53.00 NOTE

Check Details

Version: 0.3.2
Check: LazyData
Result: NOTE 'LazyData' is specified without a 'data' directory Flavors: r-patched-linux-x86_64, r-release-linux-x86_64, r-release-macos-arm64, r-release-macos-x86_64, r-release-windows-x86_64, r-oldrel-macos-arm64, r-oldrel-macos-x86_64, r-oldrel-windows-x86_64