CRAN Package Check Results for Package MakefileR

Last updated on 2024-12-19 23:50:37 CET.

Flavor Version Tinstall Tcheck Ttotal Status Flags
r-devel-linux-x86_64-debian-clang 1.0 1.66 22.81 24.47 OK
r-devel-linux-x86_64-debian-gcc 1.0 1.47 18.39 19.86 OK
r-devel-linux-x86_64-fedora-clang 1.0 41.29 OK
r-devel-linux-x86_64-fedora-gcc 1.0 64.08 OK
r-devel-windows-x86_64 1.0 4.00 46.00 50.00 OK
r-patched-linux-x86_64 1.0 2.02 21.60 23.62 NOTE
r-release-linux-x86_64 1.0 1.08 21.67 22.75 NOTE
r-release-macos-arm64 1.0 25.00 NOTE
r-release-macos-x86_64 1.0 48.00 NOTE
r-release-windows-x86_64 1.0 3.00 47.00 50.00 NOTE
r-oldrel-macos-arm64 1.0 27.00 NOTE
r-oldrel-macos-x86_64 1.0 41.00 NOTE
r-oldrel-windows-x86_64 1.0 4.00 47.00 51.00 NOTE

Check Details

Version: 1.0
Check: LazyData
Result: NOTE 'LazyData' is specified without a 'data' directory Flavors: r-patched-linux-x86_64, r-release-linux-x86_64, r-release-macos-arm64, r-release-macos-x86_64, r-release-windows-x86_64, r-oldrel-macos-arm64, r-oldrel-macos-x86_64, r-oldrel-windows-x86_64