Last updated on 2024-12-19 23:50:37 CET.
Flavor | Version | Tinstall | Tcheck | Ttotal | Status | Flags |
---|---|---|---|---|---|---|
r-devel-linux-x86_64-debian-clang | 0.1.15 | 117.54 | 171.55 | 289.09 | OK | |
r-devel-linux-x86_64-debian-gcc | 0.1.15 | 86.74 | 114.65 | 201.39 | OK | |
r-devel-linux-x86_64-fedora-clang | 0.1.15 | 464.91 | OK | |||
r-devel-linux-x86_64-fedora-gcc | 0.1.15 | 517.11 | OK | |||
r-devel-windows-x86_64 | 0.1.15 | 113.00 | 178.00 | 291.00 | OK | |
r-patched-linux-x86_64 | 0.1.15 | 117.48 | 158.04 | 275.52 | OK | |
r-release-linux-x86_64 | 0.1.15 | 114.88 | 159.88 | 274.76 | OK | |
r-release-macos-arm64 | 0.1.15 | 172.00 | NOTE | |||
r-release-macos-x86_64 | 0.1.15 | 211.00 | NOTE | |||
r-release-windows-x86_64 | 0.1.15 | 113.00 | 185.00 | 298.00 | OK | |
r-oldrel-macos-arm64 | 0.1.15 | 124.00 | NOTE | |||
r-oldrel-macos-x86_64 | 0.1.15 | 268.00 | NOTE | |||
r-oldrel-windows-x86_64 | 0.1.15 | 119.00 | 241.00 | 360.00 | OK |
Version: 0.1.15
Check: installed package size
Result: NOTE
installed size is 11.3Mb
sub-directories of 1Mb or more:
R 2.1Mb
libs 9.0Mb
Flavors: r-release-macos-arm64, r-release-macos-x86_64, r-oldrel-macos-arm64, r-oldrel-macos-x86_64