CRAN Package Check Results for Package MatrixLDA

Last updated on 2024-12-19 23:50:37 CET.

Flavor Version Tinstall Tcheck Ttotal Status Flags
r-devel-linux-x86_64-debian-clang 0.2 20.48 35.89 56.37 OK
r-devel-linux-x86_64-debian-gcc 0.2 15.28 28.92 44.20 OK
r-devel-linux-x86_64-fedora-clang 0.2 102.29 OK
r-devel-linux-x86_64-fedora-gcc 0.2 106.20 OK
r-devel-windows-x86_64 0.2 24.00 73.00 97.00 OK
r-patched-linux-x86_64 0.2 21.32 37.19 58.51 NOTE
r-release-linux-x86_64 0.2 19.40 37.07 56.47 NOTE
r-release-macos-arm64 0.2 32.00 NOTE
r-release-macos-x86_64 0.2 46.00 NOTE
r-release-windows-x86_64 0.2 26.00 73.00 99.00 NOTE
r-oldrel-macos-arm64 0.2 42.00 NOTE
r-oldrel-macos-x86_64 0.2 55.00 NOTE
r-oldrel-windows-x86_64 0.2 31.00 84.00 115.00 NOTE

Check Details

Version: 0.2
Check: LazyData
Result: NOTE 'LazyData' is specified without a 'data' directory Flavors: r-patched-linux-x86_64, r-release-linux-x86_64, r-release-macos-arm64, r-release-macos-x86_64, r-release-windows-x86_64, r-oldrel-macos-arm64, r-oldrel-macos-x86_64, r-oldrel-windows-x86_64