Last updated on 2024-12-19 23:50:37 CET.
Flavor | Version | Tinstall | Tcheck | Ttotal | Status | Flags |
---|---|---|---|---|---|---|
r-devel-linux-x86_64-debian-clang | 2.1.2 | 12.49 | 87.76 | 100.25 | OK | |
r-devel-linux-x86_64-debian-gcc | 2.1.2 | 8.99 | 62.99 | 71.98 | OK | |
r-devel-linux-x86_64-fedora-clang | 2.1.2 | 165.92 | NOTE | |||
r-devel-linux-x86_64-fedora-gcc | 2.1.2 | 153.51 | NOTE | |||
r-devel-windows-x86_64 | 2.1.2 | 14.00 | 94.00 | 108.00 | OK | |
r-patched-linux-x86_64 | 2.1.2 | 13.21 | 82.81 | 96.02 | OK | |
r-release-linux-x86_64 | 2.1.2 | 12.82 | 82.37 | 95.19 | OK | |
r-release-macos-arm64 | 2.1.2 | 46.00 | OK | |||
r-release-macos-x86_64 | 2.1.2 | 67.00 | OK | |||
r-release-windows-x86_64 | 2.1.2 | 15.00 | 93.00 | 108.00 | OK | |
r-oldrel-macos-arm64 | 2.1.2 | 47.00 | OK | |||
r-oldrel-macos-x86_64 | 2.1.2 | 76.00 | OK | |||
r-oldrel-windows-x86_64 | 2.1.2 | 17.00 | 118.00 | 135.00 | OK |
Version: 2.1.2
Check: dependencies in R code
Result: NOTE
Namespace in Imports field not imported from: ‘metadat’
All declared Imports should be used.
Flavors: r-devel-linux-x86_64-fedora-clang, r-devel-linux-x86_64-fedora-gcc