CRAN Package Check Results for Package MigConnectivity

Last updated on 2024-12-19 23:50:38 CET.

Flavor Version Tinstall Tcheck Ttotal Status Flags
r-devel-linux-x86_64-debian-clang 0.4.7 12.64 118.10 130.74 NOTE
r-devel-linux-x86_64-debian-gcc 0.4.7 7.31 75.17 82.48 NOTE
r-devel-linux-x86_64-fedora-clang 0.4.7 220.55 OK
r-devel-linux-x86_64-fedora-gcc 0.4.7 217.05 OK
r-devel-windows-x86_64 0.4.7 16.00 134.00 150.00 NOTE
r-patched-linux-x86_64 0.4.7 16.24 106.77 123.01 OK
r-release-linux-x86_64 0.4.7 12.40 111.44 123.84 OK
r-release-macos-arm64 0.4.7 60.00 OK
r-release-macos-x86_64 0.4.7 103.00 OK
r-release-windows-x86_64 0.4.7 16.00 135.00 151.00 OK
r-oldrel-macos-arm64 0.4.7 69.00 OK
r-oldrel-macos-x86_64 0.4.7 141.00 OK
r-oldrel-windows-x86_64 0.4.7 17.00 157.00 174.00 OK

Check Details

Version: 0.4.7
Check: Rd cross-references
Result: NOTE Found the following Rd file(s) with Rd \link{} targets missing package anchors: plot.estMigConnectivity.Rd: plotCI Please provide package anchors for all Rd \link{} targets not in the package itself and the base packages. Flavors: r-devel-linux-x86_64-debian-clang, r-devel-linux-x86_64-debian-gcc, r-devel-windows-x86_64