Last updated on 2024-12-19 23:50:38 CET.
Flavor | Version | Tinstall | Tcheck | Ttotal | Status | Flags |
---|---|---|---|---|---|---|
r-devel-linux-x86_64-debian-clang | 1.0.0 | 77.80 | 120.62 | 198.42 | OK | |
r-devel-linux-x86_64-debian-gcc | 1.0.0 | 61.94 | 81.01 | 142.95 | OK | |
r-devel-linux-x86_64-fedora-clang | 1.0.0 | 317.74 | OK | |||
r-devel-linux-x86_64-fedora-gcc | 1.0.0 | 343.70 | OK | |||
r-devel-windows-x86_64 | 1.0.0 | 69.00 | 150.00 | 219.00 | OK | |
r-patched-linux-x86_64 | 1.0.0 | 85.00 | 118.30 | 203.30 | OK | |
r-release-linux-x86_64 | 1.0.0 | 77.84 | 117.63 | 195.47 | OK | |
r-release-macos-arm64 | 1.0.0 | 82.00 | NOTE | |||
r-release-macos-x86_64 | 1.0.0 | 153.00 | NOTE | |||
r-release-windows-x86_64 | 1.0.0 | 63.00 | 149.00 | 212.00 | OK | |
r-oldrel-macos-arm64 | 1.0.0 | 87.00 | NOTE | |||
r-oldrel-macos-x86_64 | 1.0.0 | 158.00 | NOTE | |||
r-oldrel-windows-x86_64 | 1.0.0 | 88.00 | 186.00 | 274.00 | OK |
Version: 1.0.0
Check: installed package size
Result: NOTE
installed size is 41.3Mb
sub-directories of 1Mb or more:
libs 41.0Mb
Flavors: r-release-macos-arm64, r-release-macos-x86_64, r-oldrel-macos-arm64, r-oldrel-macos-x86_64