Last updated on 2024-12-19 23:50:38 CET.
Flavor | Version | Tinstall | Tcheck | Ttotal | Status | Flags |
---|---|---|---|---|---|---|
r-devel-linux-x86_64-debian-clang | 3.1.12 | 8.24 | 85.09 | 93.33 | OK | |
r-devel-linux-x86_64-debian-gcc | 3.1.12 | 4.40 | 57.58 | 61.98 | OK | |
r-devel-linux-x86_64-fedora-clang | 3.1.12 | 155.71 | OK | |||
r-devel-linux-x86_64-fedora-gcc | 3.1.12 | 205.34 | OK | |||
r-devel-windows-x86_64 | 3.1.12 | 9.00 | 104.00 | 113.00 | OK | |
r-patched-linux-x86_64 | 3.1.12 | 6.78 | 76.83 | 83.61 | NOTE | |
r-release-linux-x86_64 | 3.1.12 | 6.87 | 77.42 | 84.29 | NOTE | |
r-release-macos-arm64 | 3.1.12 | 63.00 | NOTE | |||
r-release-macos-x86_64 | 3.1.12 | 97.00 | NOTE | |||
r-release-windows-x86_64 | 3.1.12 | 8.00 | 107.00 | 115.00 | NOTE | |
r-oldrel-macos-arm64 | 3.1.12 | 70.00 | NOTE | |||
r-oldrel-macos-x86_64 | 3.1.12 | 90.00 | NOTE | |||
r-oldrel-windows-x86_64 | 3.1.12 | 10.00 | 120.00 | 130.00 | NOTE |
Version: 3.1.12
Check: LazyData
Result: NOTE
'LazyData' is specified without a 'data' directory
Flavors: r-patched-linux-x86_64, r-release-linux-x86_64, r-release-macos-arm64, r-release-macos-x86_64, r-release-windows-x86_64, r-oldrel-macos-arm64, r-oldrel-macos-x86_64, r-oldrel-windows-x86_64