CRAN Package Check Results for Package Modelcharts

Last updated on 2024-12-19 23:50:38 CET.

Flavor Version Tinstall Tcheck Ttotal Status Flags
r-devel-linux-x86_64-debian-clang 0.1.0 4.23 40.79 45.02 OK
r-devel-linux-x86_64-debian-gcc 0.1.0 3.89 30.91 34.80 OK
r-devel-linux-x86_64-fedora-clang 0.1.0 76.49 OK
r-devel-linux-x86_64-fedora-gcc 0.1.0 71.89 OK
r-devel-windows-x86_64 0.1.0 8.00 56.00 64.00 OK
r-patched-linux-x86_64 0.1.0 5.22 39.00 44.22 NOTE
r-release-linux-x86_64 0.1.0 5.38 39.28 44.66 NOTE
r-release-macos-arm64 0.1.0 27.00 NOTE
r-release-macos-x86_64 0.1.0 38.00 NOTE
r-release-windows-x86_64 0.1.0 7.00 59.00 66.00 NOTE
r-oldrel-macos-arm64 0.1.0 29.00 NOTE
r-oldrel-macos-x86_64 0.1.0 39.00 NOTE
r-oldrel-windows-x86_64 0.1.0 9.00 68.00 77.00 NOTE

Check Details

Version: 0.1.0
Check: LazyData
Result: NOTE 'LazyData' is specified without a 'data' directory Flavors: r-patched-linux-x86_64, r-release-linux-x86_64, r-release-macos-arm64, r-release-macos-x86_64, r-release-windows-x86_64, r-oldrel-macos-arm64, r-oldrel-macos-x86_64, r-oldrel-windows-x86_64