CRAN Package Check Results for Package MortalityGaps

Last updated on 2024-12-19 23:50:38 CET.

Flavor Version Tinstall Tcheck Ttotal Status Flags
r-devel-linux-x86_64-debian-clang 1.0.0 7.42 109.89 117.31 NOTE
r-devel-linux-x86_64-debian-gcc 1.0.0 5.36 74.55 79.91 NOTE
r-devel-linux-x86_64-fedora-clang 1.0.0 189.54 OK
r-devel-linux-x86_64-fedora-gcc 1.0.0 196.65 OK
r-devel-windows-x86_64 1.0.0 9.00 122.00 131.00 NOTE
r-patched-linux-x86_64 1.0.0 11.92 103.55 115.47 OK
r-release-linux-x86_64 1.0.0 5.59 104.10 109.69 OK
r-release-macos-arm64 1.0.0 56.00 OK
r-release-macos-x86_64 1.0.0 87.00 OK
r-release-windows-x86_64 1.0.0 9.00 129.00 138.00 OK
r-oldrel-macos-arm64 1.0.0 66.00 OK
r-oldrel-macos-x86_64 1.0.0 85.00 OK
r-oldrel-windows-x86_64 1.0.0 11.00 152.00 163.00 OK

Check Details

Version: 1.0.0
Check: Rd cross-references
Result: NOTE Found the following Rd file(s) with Rd \link{} targets missing package anchors: DoubleGap.Rd: auto.arima bp_gap.model.Rd: auto.arima Please provide package anchors for all Rd \link{} targets not in the package itself and the base packages. Flavors: r-devel-linux-x86_64-debian-clang, r-devel-linux-x86_64-debian-gcc, r-devel-windows-x86_64