Last updated on 2024-12-19 23:50:39 CET.
Flavor | Version | Tinstall | Tcheck | Ttotal | Status | Flags |
---|---|---|---|---|---|---|
r-devel-linux-x86_64-debian-clang | 1.1.8 | 18.35 | 443.24 | 461.59 | OK | |
r-devel-linux-x86_64-debian-gcc | 1.1.8 | 10.22 | 323.39 | 333.61 | OK | |
r-devel-linux-x86_64-fedora-clang | 1.1.8 | 771.12 | NOTE | |||
r-devel-linux-x86_64-fedora-gcc | 1.1.8 | 845.05 | NOTE | |||
r-devel-windows-x86_64 | 1.1.8 | 17.00 | 433.00 | 450.00 | OK | |
r-patched-linux-x86_64 | 1.1.8 | 17.72 | 472.88 | 490.60 | OK | |
r-release-linux-x86_64 | 1.1.8 | 14.71 | 473.68 | 488.39 | OK | |
r-release-macos-arm64 | 1.1.8 | 141.00 | OK | |||
r-release-macos-x86_64 | 1.1.8 | 267.00 | OK | |||
r-release-windows-x86_64 | 1.1.8 | 19.00 | 433.00 | 452.00 | OK | |
r-oldrel-macos-arm64 | 1.1.8 | 431.00 | OK | |||
r-oldrel-macos-x86_64 | 1.1.8 | 574.00 | OK | |||
r-oldrel-windows-x86_64 | 1.1.8 | 24.00 | 575.00 | 599.00 | OK |
Version: 1.1.8
Check: dependencies in R code
Result: NOTE
Namespaces in Imports field not imported from:
‘Kendall’ ‘perm’
All declared Imports should be used.
Flavors: r-devel-linux-x86_64-fedora-clang, r-devel-linux-x86_64-fedora-gcc