CRAN Package Check Results for Package NHSRdatasets

Last updated on 2024-12-19 23:50:39 CET.

Flavor Version Tinstall Tcheck Ttotal Status Flags
r-devel-linux-x86_64-debian-clang 0.3.0 1.76 70.06 71.82 OK
r-devel-linux-x86_64-debian-gcc 0.3.0 1.48 53.16 54.64 OK
r-devel-linux-x86_64-fedora-clang 0.3.0 117.15 NOTE
r-devel-linux-x86_64-fedora-gcc 0.3.0 128.54 NOTE
r-devel-windows-x86_64 0.3.0 3.00 92.00 95.00 OK
r-patched-linux-x86_64 0.3.0 1.82 66.69 68.51 OK
r-release-linux-x86_64 0.3.0 1.83 68.23 70.06 OK
r-release-macos-arm64 0.3.0 43.00 OK
r-release-macos-x86_64 0.3.0 66.00 OK
r-release-windows-x86_64 0.3.0 3.00 91.00 94.00 OK
r-oldrel-macos-arm64 0.3.0 48.00 OK
r-oldrel-macos-x86_64 0.3.0 69.00 OK
r-oldrel-windows-x86_64 0.3.0 4.00 103.00 107.00 OK

Check Details

Version: 0.3.0
Check: dependencies in R code
Result: NOTE Namespace in Imports field not imported from: ‘tibble’ All declared Imports should be used. Flavors: r-devel-linux-x86_64-fedora-clang, r-devel-linux-x86_64-fedora-gcc