CRAN Package Check Results for Package NHSRplotthedots

Last updated on 2024-12-19 23:50:39 CET.

Flavor Version Tinstall Tcheck Ttotal Status Flags
r-devel-linux-x86_64-debian-clang 0.1.0 5.04 126.94 131.98 OK
r-devel-linux-x86_64-debian-gcc 0.1.0 4.20 86.56 90.76 OK
r-devel-linux-x86_64-fedora-clang 0.1.0 212.76 NOTE
r-devel-linux-x86_64-fedora-gcc 0.1.0 215.35 NOTE
r-devel-windows-x86_64 0.1.0 7.00 126.00 133.00 OK
r-patched-linux-x86_64 0.1.0 6.09 119.63 125.72 OK
r-release-linux-x86_64 0.1.0 5.03 119.29 124.32 OK
r-release-macos-arm64 0.1.0 61.00 OK
r-release-macos-x86_64 0.1.0 132.00 OK
r-release-windows-x86_64 0.1.0 7.00 129.00 136.00 OK
r-oldrel-macos-arm64 0.1.0 63.00 OK
r-oldrel-macos-x86_64 0.1.0 104.00 OK
r-oldrel-windows-x86_64 0.1.0 8.00 152.00 160.00 OK

Check Details

Version: 0.1.0
Check: dependencies in R code
Result: NOTE Namespaces in Imports field not imported from: ‘NHSRdatasets’ ‘grid’ ‘utils’ All declared Imports should be used. Flavors: r-devel-linux-x86_64-fedora-clang, r-devel-linux-x86_64-fedora-gcc