Last updated on 2024-12-19 23:50:39 CET.
Flavor | Version | Tinstall | Tcheck | Ttotal | Status | Flags |
---|---|---|---|---|---|---|
r-devel-linux-x86_64-debian-clang | 1.0.1 | 11.05 | 110.61 | 121.66 | NOTE | |
r-devel-linux-x86_64-debian-gcc | 1.0.1 | 7.02 | 74.48 | 81.50 | NOTE | |
r-devel-linux-x86_64-fedora-clang | 1.0.1 | 188.66 | NOTE | |||
r-devel-linux-x86_64-fedora-gcc | 1.0.1 | 185.98 | NOTE | |||
r-devel-windows-x86_64 | 1.0.1 | 18.00 | 286.00 | 304.00 | NOTE | |
r-patched-linux-x86_64 | 1.0.1 | 23.36 | 103.83 | 127.19 | NOTE | |
r-release-linux-x86_64 | 1.0.1 | 9.71 | 101.52 | 111.23 | NOTE | |
r-release-macos-arm64 | 1.0.1 | 52.00 | NOTE | |||
r-release-macos-x86_64 | 1.0.1 | 96.00 | NOTE | |||
r-release-windows-x86_64 | 1.0.1 | 17.00 | 276.00 | 293.00 | NOTE | |
r-oldrel-macos-arm64 | 1.0.1 | 49.00 | NOTE | |||
r-oldrel-macos-x86_64 | 1.0.1 | 95.00 | NOTE | |||
r-oldrel-windows-x86_64 | 1.0.1 | 19.00 | 318.00 | 337.00 | NOTE |
Version: 1.0.1
Check: DESCRIPTION meta-information
Result: NOTE
Malformed Description field: should contain one or more complete sentences.
Flavors: r-devel-linux-x86_64-debian-clang, r-devel-linux-x86_64-debian-gcc, r-devel-linux-x86_64-fedora-clang, r-devel-linux-x86_64-fedora-gcc, r-devel-windows-x86_64, r-patched-linux-x86_64, r-release-linux-x86_64, r-release-macos-arm64, r-release-macos-x86_64, r-release-windows-x86_64, r-oldrel-macos-arm64, r-oldrel-macos-x86_64, r-oldrel-windows-x86_64