Last updated on 2024-12-19 23:50:39 CET.
Flavor | Version | Tinstall | Tcheck | Ttotal | Status | Flags |
---|---|---|---|---|---|---|
r-devel-linux-x86_64-debian-clang | 0.28 | 33.25 | 595.64 | 628.89 | OK | |
r-devel-linux-x86_64-debian-gcc | 0.28 | 21.94 | 415.18 | 437.12 | OK | |
r-devel-linux-x86_64-fedora-clang | 0.28 | 985.32 | OK | |||
r-devel-linux-x86_64-fedora-gcc | 0.28 | 1021.90 | OK | |||
r-devel-windows-x86_64 | 0.28 | 35.00 | 566.00 | 601.00 | OK | |
r-patched-linux-x86_64 | 0.28 | 37.52 | 620.38 | 657.90 | NOTE | |
r-release-linux-x86_64 | 0.28 | 28.90 | 616.33 | 645.23 | NOTE | |
r-release-macos-arm64 | 0.28 | 318.00 | NOTE | |||
r-release-macos-x86_64 | 0.28 | 941.00 | NOTE | |||
r-release-windows-x86_64 | 0.28 | 35.00 | 564.00 | 599.00 | OK | |
r-oldrel-macos-arm64 | 0.28 | 432.00 | NOTE | |||
r-oldrel-macos-x86_64 | 0.28 | 872.00 | NOTE | |||
r-oldrel-windows-x86_64 | 0.28 | 44.00 | 728.00 | 772.00 | OK |
Version: 0.28
Check: package dependencies
Result: NOTE
Package suggested but not available for checking: ‘doMPI’
Flavors: r-patched-linux-x86_64, r-release-linux-x86_64, r-release-macos-arm64, r-release-macos-x86_64, r-oldrel-macos-arm64, r-oldrel-macos-x86_64