Last updated on 2024-12-19 23:50:39 CET.
Flavor | Version | Tinstall | Tcheck | Ttotal | Status | Flags |
---|---|---|---|---|---|---|
r-devel-linux-x86_64-debian-clang | 0.1.0 | 22.36 | 35.53 | 57.89 | OK | |
r-devel-linux-x86_64-debian-gcc | 0.1.0 | 18.37 | 28.15 | 46.52 | OK | |
r-devel-linux-x86_64-fedora-clang | 0.1.0 | 101.19 | OK | |||
r-devel-linux-x86_64-fedora-gcc | 0.1.0 | 111.78 | OK | |||
r-devel-windows-x86_64 | 0.1.0 | 28.00 | 76.00 | 104.00 | OK | |
r-patched-linux-x86_64 | 0.1.0 | 27.31 | 34.19 | 61.50 | OK | |
r-release-linux-x86_64 | 0.1.0 | 26.43 | 34.48 | 60.91 | OK | |
r-release-macos-arm64 | 0.1.0 | 35.00 | NOTE | |||
r-release-macos-x86_64 | 0.1.0 | 70.00 | NOTE | |||
r-release-windows-x86_64 | 0.1.0 | 29.00 | 74.00 | 103.00 | OK | |
r-oldrel-macos-arm64 | 0.1.0 | 50.00 | NOTE | |||
r-oldrel-macos-x86_64 | 0.1.0 | 72.00 | NOTE | |||
r-oldrel-windows-x86_64 | 0.1.0 | 37.00 | 92.00 | 129.00 | OK |
Version: 0.1.0
Check: installed package size
Result: NOTE
installed size is 5.5Mb
sub-directories of 1Mb or more:
libs 4.8Mb
Flavors: r-release-macos-arm64, r-release-macos-x86_64, r-oldrel-macos-arm64, r-oldrel-macos-x86_64