CRAN Package Check Results for Package NetworkDistance

Last updated on 2024-12-19 23:50:39 CET.

Flavor Version Tinstall Tcheck Ttotal Status Flags
r-devel-linux-x86_64-debian-clang 0.3.4 43.27 96.14 139.41 NOTE
r-devel-linux-x86_64-debian-gcc 0.3.4 29.25 73.43 102.68 NOTE
r-devel-linux-x86_64-fedora-clang 0.3.4 242.03 NOTE
r-devel-linux-x86_64-fedora-gcc 0.3.4 264.76 NOTE
r-devel-windows-x86_64 0.3.4 46.00 151.00 197.00 NOTE
r-patched-linux-x86_64 0.3.4 42.04 96.16 138.20 NOTE
r-release-linux-x86_64 0.3.4 43.60 95.23 138.83 NOTE
r-release-macos-arm64 0.3.4 71.00 NOTE
r-release-macos-x86_64 0.3.4 98.00 NOTE
r-release-windows-x86_64 0.3.4 45.00 148.00 193.00 NOTE
r-oldrel-macos-arm64 0.3.4 81.00 NOTE
r-oldrel-macos-x86_64 0.3.4 125.00 NOTE
r-oldrel-windows-x86_64 0.3.4 54.00 167.00 221.00 NOTE

Check Details

Version: 0.3.4
Check: C++ specification
Result: NOTE Specified C++11: please drop specification unless essential Flavors: r-devel-linux-x86_64-debian-clang, r-devel-linux-x86_64-debian-gcc, r-devel-linux-x86_64-fedora-clang, r-devel-linux-x86_64-fedora-gcc, r-devel-windows-x86_64, r-patched-linux-x86_64, r-release-linux-x86_64, r-release-macos-arm64, r-release-macos-x86_64, r-release-windows-x86_64, r-oldrel-macos-arm64, r-oldrel-macos-x86_64, r-oldrel-windows-x86_64