Last updated on 2024-12-19 23:50:39 CET.
Flavor | Version | Tinstall | Tcheck | Ttotal | Status | Flags |
---|---|---|---|---|---|---|
r-devel-linux-x86_64-debian-clang | 0.2 | 5.91 | 45.15 | 51.06 | OK | |
r-devel-linux-x86_64-debian-gcc | 0.2 | 3.73 | 34.85 | 38.58 | OK | |
r-devel-linux-x86_64-fedora-clang | 0.2 | 78.49 | OK | |||
r-devel-linux-x86_64-fedora-gcc | 0.2 | 80.42 | OK | |||
r-devel-windows-x86_64 | 0.2 | 7.00 | 65.00 | 72.00 | OK | |
r-patched-linux-x86_64 | 0.2 | 5.40 | 42.76 | 48.16 | NOTE | |
r-release-linux-x86_64 | 0.2 | 5.60 | 43.05 | 48.65 | NOTE | |
r-release-macos-arm64 | 0.2 | 26.00 | NOTE | |||
r-release-macos-x86_64 | 0.2 | 44.00 | NOTE | |||
r-release-windows-x86_64 | 0.2 | 7.00 | 67.00 | 74.00 | NOTE | |
r-oldrel-macos-arm64 | 0.2 | 28.00 | NOTE | |||
r-oldrel-macos-x86_64 | 0.2 | 43.00 | NOTE | |||
r-oldrel-windows-x86_64 | 0.2 | 8.00 | 71.00 | 79.00 | NOTE |
Version: 0.2
Check: package dependencies
Result: NOTE
Package which this enhances but not available for checking: ‘jpndistrict’
Flavors: r-patched-linux-x86_64, r-release-linux-x86_64, r-release-macos-arm64, r-release-macos-x86_64, r-release-windows-x86_64, r-oldrel-macos-arm64, r-oldrel-macos-x86_64, r-oldrel-windows-x86_64