Last updated on 2024-12-19 23:50:39 CET.
Flavor | Version | Tinstall | Tcheck | Ttotal | Status | Flags |
---|---|---|---|---|---|---|
r-devel-linux-x86_64-debian-clang | 1.9.8 | 336.28 | 94.48 | 430.76 | OK | |
r-devel-linux-x86_64-debian-gcc | 1.9.8 | 214.59 | 71.00 | 285.59 | OK | |
r-devel-linux-x86_64-fedora-clang | 1.9.8 | 1113.24 | OK | |||
r-devel-linux-x86_64-fedora-gcc | 1.9.8 | 891.39 | OK | |||
r-devel-windows-x86_64 | 1.9.8 | 344.00 | 120.00 | 464.00 | OK | |
r-patched-linux-x86_64 | 1.9.8 | 309.67 | 92.95 | 402.62 | OK | |
r-release-linux-x86_64 | 1.9.8 | 306.65 | 92.51 | 399.16 | OK | |
r-release-macos-arm64 | 1.9.8 | 174.00 | NOTE | |||
r-release-macos-x86_64 | 1.9.8 | 215.00 | NOTE | |||
r-release-windows-x86_64 | 1.9.8 | 358.00 | 121.00 | 479.00 | NOTE | |
r-oldrel-macos-arm64 | 1.9.8 | 180.00 | NOTE | |||
r-oldrel-macos-x86_64 | 1.9.8 | 212.00 | NOTE | |||
r-oldrel-windows-x86_64 | 1.9.8 | 338.00 | 140.00 | 478.00 | NOTE |
Version: 1.9.8
Check: installed package size
Result: NOTE
installed size is 20.9Mb
sub-directories of 1Mb or more:
doc 5.3Mb
libs 15.2Mb
Flavors: r-release-macos-arm64, r-release-macos-x86_64, r-release-windows-x86_64, r-oldrel-macos-arm64, r-oldrel-macos-x86_64, r-oldrel-windows-x86_64