Last updated on 2024-12-19 23:50:39 CET.
Flavor | Version | Tinstall | Tcheck | Ttotal | Status | Flags |
---|---|---|---|---|---|---|
r-devel-linux-x86_64-debian-clang | 0.0.4 | 45.87 | 155.70 | 201.57 | NOTE | |
r-devel-linux-x86_64-debian-gcc | 0.0.4 | 30.04 | 107.37 | 137.41 | NOTE | |
r-devel-linux-x86_64-fedora-clang | 0.0.4 | 340.25 | OK | |||
r-devel-linux-x86_64-fedora-gcc | 0.0.4 | 369.59 | OK | |||
r-devel-windows-x86_64 | 0.0.4 | 45.00 | 182.00 | 227.00 | NOTE | |
r-patched-linux-x86_64 | 0.0.4 | 40.03 | 145.52 | 185.55 | OK | |
r-release-linux-x86_64 | 0.0.4 | 39.94 | 145.15 | 185.09 | OK | |
r-release-macos-arm64 | 0.0.4 | 92.00 | OK | |||
r-release-macos-x86_64 | 0.0.4 | 135.00 | OK | |||
r-release-windows-x86_64 | 0.0.4 | 46.00 | 178.00 | 224.00 | OK | |
r-oldrel-macos-arm64 | 0.0.4 | 101.00 | OK | |||
r-oldrel-macos-x86_64 | 0.0.4 | 184.00 | OK | |||
r-oldrel-windows-x86_64 | 0.0.4 | 55.00 | 231.00 | 286.00 | OK |
Version: 0.0.4
Check: Rd cross-references
Result: NOTE
Found the following Rd file(s) with Rd \link{} targets missing package
anchors:
ODT.Rd: as.party
PPO.Rd: nnet, Pursuit
as.party.ODT.Rd: party
plot.ODT.Rd: as.party
Please provide package anchors for all Rd \link{} targets not in the
package itself and the base packages.
Flavors: r-devel-linux-x86_64-debian-clang, r-devel-linux-x86_64-debian-gcc, r-devel-windows-x86_64