Last updated on 2024-12-19 23:50:40 CET.
Flavor | Version | Tinstall | Tcheck | Ttotal | Status | Flags |
---|---|---|---|---|---|---|
r-devel-linux-x86_64-debian-clang | 1.0.3 | 7.37 | 92.86 | 100.23 | NOTE | |
r-devel-linux-x86_64-debian-gcc | 1.0.3 | 5.57 | 64.34 | 69.91 | NOTE | |
r-devel-linux-x86_64-fedora-clang | 1.0.3 | 160.11 | OK | |||
r-devel-linux-x86_64-fedora-gcc | 1.0.3 | 178.44 | OK | |||
r-devel-windows-x86_64 | 1.0.3 | 10.00 | 108.00 | 118.00 | NOTE | |
r-patched-linux-x86_64 | 1.0.3 | 12.17 | 87.04 | 99.21 | OK | |
r-release-linux-x86_64 | 1.0.3 | 7.93 | 87.68 | 95.61 | OK | |
r-release-macos-arm64 | 1.0.3 | 47.00 | OK | |||
r-release-macos-x86_64 | 1.0.3 | 78.00 | OK | |||
r-release-windows-x86_64 | 1.0.3 | 11.00 | 107.00 | 118.00 | OK | |
r-oldrel-macos-arm64 | 1.0.3 | 53.00 | OK | |||
r-oldrel-macos-x86_64 | 1.0.3 | 82.00 | OK | |||
r-oldrel-windows-x86_64 | 1.0.3 | 14.00 | 134.00 | 148.00 | OK |
Version: 1.0.3
Check: Rd cross-references
Result: NOTE
Found the following Rd file(s) with Rd \link{} targets missing package
anchors:
predictionMap.Rd: generateCVRuns, tuneParetoClassifier
tunePareto.occ.Rd: tunePareto.knn, tuneParetoClassifier,
trainTuneParetoClassifier
Please provide package anchors for all Rd \link{} targets not in the
package itself and the base packages.
Flavors: r-devel-linux-x86_64-debian-clang, r-devel-linux-x86_64-debian-gcc, r-devel-windows-x86_64