Last updated on 2024-12-19 23:50:39 CET.
Flavor | Version | Tinstall | Tcheck | Ttotal | Status | Flags |
---|---|---|---|---|---|---|
r-devel-linux-x86_64-debian-clang | 2.0.2 | 11.37 | 97.88 | 109.25 | NOTE | |
r-devel-linux-x86_64-debian-gcc | 2.0.2 | 8.76 | 69.25 | 78.01 | NOTE | |
r-devel-linux-x86_64-fedora-clang | 2.0.2 | 174.47 | OK | |||
r-devel-linux-x86_64-fedora-gcc | 2.0.2 | 188.61 | OK | |||
r-devel-windows-x86_64 | 2.0.2 | 11.00 | 110.00 | 121.00 | NOTE | |
r-patched-linux-x86_64 | 2.0.2 | 15.70 | 91.15 | 106.85 | OK | |
r-release-linux-x86_64 | 2.0.2 | 10.53 | 91.32 | 101.85 | OK | |
r-release-macos-arm64 | 2.0.2 | 49.00 | OK | |||
r-release-macos-x86_64 | 2.0.2 | 86.00 | OK | |||
r-release-windows-x86_64 | 2.0.2 | 13.00 | 112.00 | 125.00 | OK | |
r-oldrel-macos-arm64 | 2.0.2 | 59.00 | OK | |||
r-oldrel-macos-x86_64 | 2.0.2 | 96.00 | OK | |||
r-oldrel-windows-x86_64 | 2.0.2 | 15.00 | 142.00 | 157.00 | OK |
Version: 2.0.2
Check: Rd cross-references
Result: NOTE
Found the following Rd file(s) with Rd \link{} targets missing package
anchors:
OmicsPLS.Rd: softImpute
impute_matrix.Rd: softImpute
Please provide package anchors for all Rd \link{} targets not in the
package itself and the base packages.
Flavors: r-devel-linux-x86_64-debian-clang, r-devel-linux-x86_64-debian-gcc, r-devel-windows-x86_64